2236?
False
Is 10 a factor of 27970?
True
Does 89 divide 7248?
False
Is 79 a factor of 1711?
False
Is 8 a factor of 9080?
True
Does 40 divide 10998?
False
Does 28 divide 114910?
False
Is 22 a factor of 9174?
True
Does 28 divide 2492?
True
Is 41205 a multiple of 5?
True
Is 11 a factor of 28204?
True
Does 30 divide 2540?
False
Does 13 divide 1865?
False
Does 58 divide 862?
False
Is 540 a multiple of 36?
True
Is 1225 a multiple of 25?
True
Is 13 a factor of 38025?
True
Is 58770 a multiple of 32?
False
Does 43 divide 282?
False
Is 3 a factor of 123?
True
Is 22 a factor of 737?
False
Is 171 a multiple of 3?
True
Is 5 a factor of 14078?
False
Is 43 a factor of 48977?
True
Is 3 a factor of 1007?
False
Is 10 a factor of 236?
False
Is 100447 a multiple of 19?
False
Does 78 divide 9597?
False
Is 2156 a multiple of 7?
True
Is 510 a multiple of 17?
True
Is 661 a multiple of 16?
False
Is 223 a factor of 26793?
False
Is 12666 a multiple of 18?
False
Is 12 a factor of 4632?
True
Is 71 a factor of 57865?
True
Is 16 a factor of 8819?
False
Is 43 a factor of 2447?
False
Is 860 a multiple of 20?
True
Is 161 a factor of 115226?
False
Does 6 divide 171?
False
Is 51 a factor of 11475?
True
Is 2 a factor of 618?
True
Is 36 a factor of 8632?
False
Does 87 divide 32003?
False
Is 8823 a multiple of 26?
False
Is 67 a factor of 737?
True
Is 1600 a multiple of 32?
True
Is 17266 a multiple of 44?
False
Is 744 a multiple of 39?
False
Does 13 divide 221?
True
Does 12 divide 3607?
False
Does 21 divide 665?
False
Does 212 divide 2047?
False
Does 13 divide 286?
True
Does 27 divide 1475?
False
Is 11 a factor of 2507?
False
Does 8 divide 536?
True
Does 34 divide 9520?
True
Is 8 a factor of 69712?
True
Does 22 divide 94842?
True
Is 7619 a multiple of 7?
False
Does 12 divide 1349?
False
Is 34 a factor of 34?
True
Does 29 divide 67019?
True
Does 4 divide 276?
True
Does 3 divide 54?
True
Is 17 a factor of 1870?
True
Does 7 divide 357?
True
Is 49 a factor of 7889?
True
Is 25 a factor of 645?
False
Is 18 a factor of 1637?
False
Does 10 divide 8223?
False
Does 5 divide 102?
False
Does 43 divide 56889?
True
Is 32 a factor of 320?
True
Is 820 a multiple of 41?
True
Does 55 divide 36100?
False
Is 14354 a multiple of 3?
False
Is 23 a factor of 1246?
False
Does 211 divide 32072?
True
Is 119 a factor of 21777?
True
Does 9 divide 227?
False
Is 77 a factor of 4851?
True
Does 32 divide 352?
True
Does 63 divide 2234?
False
Does 93 divide 34782?
True
Is 9 a factor of 6993?
True
Is 8 a factor of 70?
False
Does 11 divide 42988?
True
Is 30 a factor of 15150?
True
Is 10 a factor of 670?
True
Is 800 a multiple of 16?
True
Is 16 a factor of 5870?
False
Is 665 a multiple of 3?
False
Is 32 a factor of 4557?
False
Does 18 divide 1659?
False
Is 1890 a multiple of 126?
True
Is 5264 a multiple of 94?
True
Is 10406 a multiple of 19?
False
Is 999 a multiple of 13?
False
Is 47 a factor of 21338?
True
Is 5 a factor of 1620?
True
Is 39 a factor of 429?
True
Does 10 divide 670?
True
Is 8958 a multiple of 19?
False
Is 32 a factor of 2496?
True
Is 6728 a multiple of 8?
True
Is 39 a factor of 1521?
True
Is 4 a factor of 15819?
False
Is 14 a factor of 14994?
True
Is 6 a factor of 1320?
True
Is 439 a multiple of 56?
False
Is 15537 a multiple of 232?
False
Is 1518 a multiple of 46?
True
Does 75 divide 9985?
False
Is 15 a factor of 30?
True
Does 81 divide 66744?
True
Is 32 a factor of 19359?
False
Does 21 divide 4221?
True
Is 60 a factor of 1740?
True
Is 2160 a multiple of 20?
True
Does 29 divide 8642?
True
Does 80 divide 19904?
False
Is 78 a factor of 5642?
False
Is 5325 a multiple of 3?
True
Does 32 divide 15401?
False
Is 1967 a multiple of 8?
False
Is 2928 a multiple of 8?
True
Is 5 a factor of 6580?
True
Is 4 a factor of 328?
True
Is 1093 a multiple of 12?
False
Is 12429 a multiple of 25?
False
Is 1274 a multiple of 49?
True
Does 3 divide 5111?
False
Does 41 divide 113858?
False
Is 716 a multiple of 56?
False
Does 17 divide 18538?
False
Does 38 divide 3895?
False
Does 6 divide 494?
False
Does 2 divide 67?
False
Does 8 divide 1800?
True
Does 62 divide 6085?
False
Is 60 a multiple of 20?
True
Is 163 a factor of 4632?
False
Does 33 divide 4026?
True
Does 63 divide 73?
False
Does 10 divide 2275?
False
Is 11887 a multiple of 20?
False
Is 19462 a multiple of 24?
False
Is 92 a multiple of 7?
False
Is 46 a factor of 1111?
False
Is 96 a factor of 1409?
False
Does 10 divide 1730?
True
Is 2250 a multiple of 45?
True
Does 13 divide 1880?
False
Is 18071 a multiple of 17?
True
Is 2260 a multiple of 52?
False
Does 23 divide 23782?
True
Is 4242 a multiple of 303?
True
Is 6784 a multiple of 162?
False
Is 489 a multiple of 4?
False
Is 525 a multiple of 4?
False
Does 3 divide 401?
False
Does 174 divide 17416?
False
Is 771 a multiple of 4?
False
Is 31 a factor of 21917?
True
Is 1440 a multiple of 8?
True
Does 2 divide 88?
True
Is 15 a factor of 6103?
False
Is 16 a factor of 17774?
False
Does 15 divide 75915?
True
Is 2 a factor of 249?
False
Is 532 a multiple of 38?
True
Is 4962 a multiple of 24?
False
Does 4 divide 276?
True
Is 3034 a multiple of 11?
False
Does 13 divide 14781?
True
Is 21 a factor of 8253?
True
Is 29 a factor of 39904?
True
Is 112 a factor of 336?
True
Is 5 a factor of 466?
False
Is 5548 a multiple of 38?
True
Is 5 a factor of 80?
True
Does 8 divide 32?
True
Is 1832 a multiple of 24?
False
Is 42 a factor of 1817?
False
Is 457 a factor of 130842?
False
Is 15 a factor of 4451?
False
Does 59 divide 2596?
True
Does 5 divide 143?
False
Does 7 divide 43148?
True
Does 5 divide 50?
True
Is 93 a multiple of 31?
True
Does 204 divide 12084?
False
Is 4 a factor of 11232?
True
Is 35 a factor of 1413?
False
Is 756 a multiple of 38?
False
Does 5 divide 1069?
False
Is 10 a factor of 120?
True
Is 2239 a multiple of 4?
False
Does 16 divide 2960?
True
Is 8930 a multiple of 10?
True
Is 10 a factor of 3730?
True
Does 10 divide 20224?
False
Is 9 a factor of 1017?
True
Is 4165 a multiple of 85?
True
Is 584 a multiple of 21?
False
Is 155 a factor of 11070?
False
Does 262 divide 45064?
True
Does 15 divide 171?
False
Does 7 divide 525?
True
Is 3624 a multiple of 24?
True
Is 249 a multiple of 20?
False
Is 1648 a multiple of 103?
True
Is 1994 a multiple of 27?
False
Does 7 divide 616?
True
Does 3 divide 4989?
True
Does 5 divide 2045?
True
Is 69 a factor of 9591?
True
Does 14 divide 69993?
False
Does 10 divide 584?
False
Is 108436 a multiple of 92?
False
Does 16 divide 2640?
True
Does 37 divide 106116?
True
Does 10 divide 902?
False
Does 15 divide 1605?
True
Is 495 a multiple of 8?
False
Does 15 divide 33927?
False
Is 29 a factor of 4495?
True
Is 22 a factor of 1892?
True
Is 38 a factor of 10706?
False
Is 4 a factor of 3175?
False
Is 35 a multiple of 6?
False
Does 11 divide 319?
True
Is 10 a factor of 37370?
True
Is 97 a multiple of 4?
False
Does 19 divide 5301?
True
Is 16 a factor of 15003?
False
Is 3190 a multiple of 11?
True
Is 15 a factor of 18825?
True
Does 21 divide 2155?
False
Is 20 a factor of 57640?
True
Does 64 divide 13696?
True
Is 7 a factor of 210?
True
Does 24 divide 52568?
False
Is 13 a factor of 2262?
True
Is 8071 a multiple of 171?
False
Is 855 a multiple of 95?
True
Is 73 a factor of 365?
True
Is 61 a factor of 1506?
False
Does 10 divide 24884?
False
Does 10 divide 536?
False
Does 2 divide 592?
True
Does 13 divide 143?
True
Is 549 a multiple of 77?
False
Is 16 a factor of 800?
True
Does 58 divide 4524?
True
Is 12 a factor of 1344?
True
Does 7 divide 2487?
False
Is 93 a multiple of 4?
False
Does 19 divide 665?
True
Is 7 a factor of 69062?
True
Does 5 divide 6590?
True
Is 30 a factor of 126529?
False
Is 19183 a multiple of 15?
False
Is 33 a factor of 63?
False
Does 171 divide 29940?
False
Does 7 divide 531?
False
Is 8 a factor of 508?
False
Does 34 divide 2006?
True
Does 5 divide 134?
False
Is 23 a factor of 12742?
True
Is 136 a multiple of 8?
True
Is 10788 a multiple of 31?
True
Is 48836 a multiple of 49?
False
Does 17 divide 748?
True
Is 56 a multiple of 12?
False
Does 6 divide 1302?
True
Is 27 a factor of 108?
True
Is 38560 a multiple of 20?
True
Does 23 divide 399?
False
Is 1071 a multiple of 51?
True
Is 69 a factor of 9917?
False
Is 310 a multiple of 10?
True
Does 25 divide 97884?
False
Is 113 a factor of 12995?
True
Is 12 